late the highest common factor of 666 and 1167202.
74
Calculate the greatest common factor of 13697627 and 2001.
23
Calculate the greatest common factor of 1320845670 and 540.
270
Calculate the greatest common divisor of 27817452 and 197964.
1404
What is the highest common factor of 7168 and 2387182?
14
What is the greatest common factor of 52404 and 12307?
397
Calculate the highest common factor of 160 and 241173160.
40
Calculate the greatest common divisor of 104251959 and 441.
441
Calculate the greatest common factor of 120 and 719010.
30
Calculate the highest common divisor of 71 and 95845811.
71
Calculate the highest common factor of 1310328 and 15.
3
Calculate the greatest common divisor of 4080 and 35198.
2
Calculate the highest common factor of 14226641 and 572.
143
Calculate the highest common factor of 18 and 75131811.
9
What is the highest common divisor of 39648 and 31094?
14
Calculate the greatest common factor of 13753 and 87839.
17
What is the greatest common factor of 81945602 and 111?
37
What is the highest common divisor of 974 and 16582?
2
Calculate the highest common divisor of 54 and 6356007.
9
What is the highest common divisor of 858612 and 108?
12
Calculate the highest common factor of 6 and 3468246.
6
Calculate the highest common factor of 54334464 and 125952.
3072
What is the greatest common divisor of 9465 and 35295?
15
Calculate the highest common factor of 4172644 and 6588.
244
What is the greatest common divisor of 1392793 and 425?
17
What is the highest common factor of 894838 and 38563?
49
Calculate the highest common factor of 100093 and 6459593.
553
Calculate the highest common factor of 5516784 and 3328.
208
What is the highest common divisor of 4653 and 15782679?
99
What is the greatest common factor of 8260 and 5813360?
140
Calculate the greatest common divisor of 200156 and 78628.
44
Calculate the greatest common factor of 127 and 1898681.
1
What is the highest common factor of 116361043 and 57714?
9619
What is the highest common factor of 619584908 and 228?
76
What is the greatest common divisor of 1749663135 and 5?
5
What is the highest common factor of 116812 and 20829?
53
What is the greatest common factor of 1904 and 4242044?
68
What is the greatest common factor of 4369656 and 10476?
1164
What is the greatest common factor of 694912 and 32?
32
What is the greatest common divisor of 42 and 599897634?
42
Calculate the highest common factor of 348026 and 16.
2
Calculate the highest common divisor of 31360 and 145264.
112
What is the greatest common divisor of 593312 and 13856?
32
What is the highest common factor of 1333914 and 1083?
57
What is the highest common divisor of 49206 and 26947542?
354
What is the greatest common factor of 114801 and 3394508?
2251
What is the highest common factor of 190 and 4845266?
38
What is the greatest common divisor of 41186320 and 81200?
560
Calculate the highest common factor of 97447356 and 5076.
1692
Calculate the greatest common factor of 1923905 and 536.
67
What is the highest common factor of 607283 and 6986?
499
Calculate the highest common divisor of 37 and 1182588413.
37
Calculate the greatest common divisor of 3582096 and 256.
16
Calculate the greatest common divisor of 6625 and 234790.
265
What is the greatest common divisor of 129455340 and 85?
85
Calculate the greatest common factor of 38439089 and 26.
13
What is the highest common divisor of 15680285 and 3860?
965
Calculate the greatest common factor of 862947 and 11160.
279
What is the highest common divisor of 2733 and 4089?
3
Calculate the highest common factor of 375 and 34736000.
125
What is the highest common divisor of 443045 and 2140?
5
What is the greatest common divisor of 953225 and 65975?
2275
Calculate the highest common divisor of 4913088 and 192.
192
Calculate the highest common divisor of 356 and 16751758.
178
Calculate the greatest common factor of 5911 and 999733341.
5911
Calculate the highest common divisor of 6461 and 734815991.
6461
What is the greatest common factor of 179418186 and 522?
522
Calculate the highest common divisor of 982 and 39736630.
982
Calculate the highest common divisor of 33266 and 538.
2
Calculate the greatest common divisor of 10542 and 462927332.
3514
What is the highest common factor of 141911 and 3212737?
1067
What is the greatest common divisor of 3147756281 and 107?
107
Calculate the greatest common factor of 16930 and 7477981.
1693
Calculate the highest common factor of 2585 and 4623625.
235
What is the greatest common divisor of 1137 and 3420327948?
1137
Calculate the highest common factor of 620 and 318380.
20
Calculate the highest common factor of 78 and 93272946.
78
Calculate the greatest common factor of 3323595 and 11715.
165
What is the greatest common factor of 882253370 and 265?
265
What is the greatest common divisor of 2844396 and 81540?
108
Calculate the greatest common divisor of 1323 and 47215.
7
What is the highest common factor of 1661 and 2871033?
11
Calculate the greatest common factor of 15199304 and 370.
74
What is the highest common factor of 12 and 821826?
6
What is the highest common divisor of 68860043 and 98?
49
Calculate the highest common factor of 1470 and 92075865.
105
What is the greatest common divisor of 13161 and 901589918?
4387
Calculate the highest common factor of 78376419 and 20691.
1089
What is the highest common factor of 672 and 526134?
42
What is the greatest common factor of 920706 and 104838?
1038
Calculate the greatest common divisor of 89096 and 72800.
56
What is the highest common factor of 96 and 2907417?
3
Calculate the greatest common factor of 15231 and 4914536.
5077
Calculate the highest common factor of 1309 and 12428768.
187
Calculate the highest common divisor of 77927886 and 11556.
5778
Calculate the highest common factor of 44 and 157890623.
11
What is the greatest common factor of 2360 and 2139808?
8
What is the greatest common divisor of 1396739 and 17307?
641
What is the greatest common factor of 383584 and 2056?
8
Calculate the greatest common divisor of 13660 and 21410.
10
Calculate the highest common divisor of 5104827 and 3340428.
6279
Calculate the highest common factor of 196 and 1558396.
196
Calculate the highest common divisor of 1294 and 10368822.
1294
Calculate the highest common divisor of 14080 and 10340.
220
What is the greatest common factor of 546669 and 4233?
51
Calculate the greatest common factor of 296520 and 320460.
420
What is the highest common divisor of 457249 and 323?
17
What is the greatest common divisor of 9672 and 7988266?
806
Calculate the highest common factor of 21 and 7078.
1
Calculate the greatest common factor of 38802100 and 400.
100
What is the highest common divisor of 219528 and 88?
8
What is the greatest common divisor of 8595099 and 27?
27
What is the highest common divisor of 40319640 and 214785?
4995
What is the highest common divisor of 351142143 and 99?
33
Calculate the greatest common factor of 160476141 and 777.
777
Calculate the highest common divisor of 1020 and 13246060.
340
Calculate the highest common divisor of 63656 and 2259204.
292
What is the greatest common divisor of 78011470 and 255?
85
Calculate the highest common divisor of 524914010 and 124.
62
What is the greatest common divisor of 26165457 and 9?
9
What is the greatest common divisor of 22 and 11283046?
2
What is the greatest common factor of 254319137 and 271?
271
What is the greatest common divisor of 360 and 23460120?
360
Calculate the greatest common factor of 5022579 and 391428.
249
Calculate the highest common divisor of 920 and 120490.
10
Calculate the highest common divisor of 2046 and 1125238.
62
What is the greatest common factor of 92064 and 6936?
24
Calculate the highest common divisor of 1773 and 1359351.
9
What is the greatest common factor of 79977 and 2111997?
159
Calculate the greatest common divisor of 75 and 517407045.
15
Calculate the greatest common factor of 56350 and 21022.
46
What is the highest common divisor of 241213 and 3409?
7
What is the greatest common divisor of 2184 and 17357496?
312
Calculate the greatest common factor of 1515869 and 7769.
457
Calculate the highest common divisor of 6179202 and 14.
2
What is the highest common divisor of 127738 a